?
7
Suppose 295 = o + 7*a - 6*a, -o - 5*a + 295 = 0. Let j(x) = -x + 8. Let d be j(0). Suppose -13*z + o = -d*z. What is the tens digit of z?
5
Suppose a - 4*w + 5 = 0, -3*a = -2*a + 3*w - 9. Suppose 0 = 5*t - a - 37. Suppose -32 = -2*o + t. What is the units digit of o?
0
Suppose -631*b + 625*b = -486750. Suppose -22*o = 33*o - b. What is the hundreds digit of o?
4
Let j(z) = 4*z**3 + 32*z**2 - 11*z + 19. Let d be j(-11). Let x = d - -1921. What is the units digit of x?
9
Let f = -29 + 35. Suppose d = f*d. Suppose 15*j - 11*j - 348 = d. What is the units digit of j?
7
Suppose -57*v + 29*v + 1848834 = 50*v. What is the tens digit of v?
0
Let u = 10 + -12. Let q be (10/(-20))/(u/8). What is the units digit of ((-120)/(-100))/(q/50)?
0
Let p(t) = -52*t - 206. What is the thousands digit of p(-107)?
5
Let j(s) = s**3 - s - 3. Let p be j(-2). Let o be (92/(-1))/(p + 7). Suppose n = -3*a + o, 4*a - 138 = 4*n - 7*n. What is the units digit of n?
6
Let k be (-35)/20 + 42876/16. Suppose 10*u = 12*u - k. What is the tens digit of u?
3
Let q(o) be the second derivative of 0 + 7/12*o**4 - 1/6*o**3 - 16*o - 7/2*o**2. What is the tens digit of q(-3)?
5
Let s be (8/(-6))/(9/(-27)) + -5. What is the hundreds digit of ((-24111)/38)/(s/2)?
2
Let s be -15 + 27 - (-4)/(-1). Suppose -s*t = -18*t + 1510. What is the units digit of t?
1
Let f = -113 - -117. Suppose -5*g - f*c + 1388 = 0, 1378 = 5*g + c - 2*c. What is the hundreds digit of g?
2
Let z = -1026 - -344. What is the hundreds digit of 2/(-6 + (-4096)/z)?
3
What is the tens digit of ((-4899)/(-6) - -1)*(126/6 - -11)?
6
Let u = -449 - -448. What is the tens digit of u - 3 - 1061/(-2)*2?
5
Suppose 2*u - 4 = 4*u, 4*u = -s - 7. Let i be 36/(-54) + s/(6/70). Suppose -i*l - 1 = -12. What is the units digit of l?
1
Suppose 0 = 3*q - 4*t - 924, q - 372 + 74 = -2*t. Suppose p = q + 188. What is the tens digit of p?
9
Let k(g) be the third derivative of 5*g**5/12 - g**4/6 + 11*g**3/6 - 79*g**2. What is the units digit of k(3)?
4
Suppose 174*a - 160*a - 52402 = 0. What is the hundreds digit of a?
7
What is the tens digit of -6*954440/(-144) + (-33)/(-9)?
7
Suppose 5*r = -8*r + 182. Suppose -v - r = 4*w + v, 0 = -5*w + 2*v - 13. What is the hundreds digit of (151/(-4))/(w/12)?
1
Let f(q) = 2*q**3 + 6*q**2 - 3*q - 6. Let i be f(-3). Let d(m) = -15*m**2 - 17*m**2 - m**i - 8 + 29*m**2 + 13*m. What is the tens digit of d(-7)?
9
Suppose 0 = -5*t - 3*p + 21096, 2*t - 7030 - 1406 = -2*p. What is the tens digit of t?
2
What is the ten thousands digit of (1 - 2)/((-14)/212128 + (-2 - -2))?
1
Suppose 8*r = 9 + 23. Suppose d - 308 + 1148 = j, r*d = -j + 845. What is the units digit of j?
1
What is the tens digit of ((-4)/(-2)*30/150)/((-1)/(-44790))?
1
Let v(d) = 26 + 102*d**3 - 12 - d**2 - 17 - 18*d**3. Let r be v(2). Suppose -3*b = 80 - r. What is the hundreds digit of b?
1
Let a be (-38)/(-10) + 63/15 + -4. Suppose 0 = a*q - 6*q. Suppose 0*z - 2*s + 51 = z, q = 4*z + s - 218. What is the tens digit of z?
5
What is the tens digit of 12118/(-438)*(-1 - 20)?
8
Let x = -8155 - -23192. What is the thousands digit of x?
5
Let y(s) be the second derivative of s**4/6 - 14*s**3/3 + 41*s**2/2 - 13*s - 7. What is the units digit of y(14)?
1
Let n = -140 + 140. Suppose w - 1 - 63 = n. What is the units digit of w?
4
Suppose -3*b - 2 - 1 = 2*i, 3*b - 3 = -4*i. Suppose i*f - 162 = 450. What is the tens digit of f?
0
Let f(w) = -3*w**2 + 2*w + 1. Let s(d) = 32*d**2 + 92*d - 5. Let m(r) = 4*f(r) + s(r). What is the hundreds digit of m(-10)?
9
Suppose -309*s + 13125243 = -8314343 - 1770640. What is the thousands digit of s?
5
Let d(f) = 33*f - 1. Let r be 25/(-75) + 10/3. What is the units digit of d(r)?
8
Let n be -2 + (-7)/((-14)/(-20))*-1. What is the tens digit of (-19)/((n/624)/((-1)/2))?
4
Let i(q) = -3*q**3 - 152*q**2 + 9*q - 235. What is the ten thousands digit of i(-54)?
2
Let s = -40 + 50. Let x = s - 6. Suppose -x*o - o = 3*c - 43, 0 = o + 3*c + 1. What is the units digit of o?
1
Suppose 15*b - 3 = 14*b. Suppose b*o - 14 = -4*o. Suppose 106 = r + 3*m, m - 202 = -o*r - 3*m. What is the tens digit of r?
9
Suppose 6*i - 2*i = -632. Let o be 4/16*0 - i. Suppose 0*r + 4*h = -2*r + 92, 4*r = 5*h + o. What is the units digit of r?
2
Suppose 26*n - 30*n - 296 = 0. Let m be (153/(-34))/((-1)/n). What is the hundreds digit of (20/15 + -2)*m?
2
Let z = -136 + 145. Let v(n) = 4*n**3 - 29*n**2 - 15*n + 8. Let a(d) = -d**3 + 7*d**2 + 4*d - 2. Let o(u) = z*a(u) + 2*v(u). What is the units digit of o(3)?
4
Let n = -49 + 265. What is the tens digit of n/(-45)*(-220)/8?
3
Let w be (-44)/10 - 40/(-100). What is the units digit of (w - (-6 - 3)) + -2?
3
Let o be -2 - ((4 - 5) + (-4 - 0)). Suppose -o*u = 4*r - 0*r - 44, -2*u - 22 = -2*r. What is the units digit of ((-4)/6)/(r/(-66))?
4
Suppose 436*u = -3*i + 440*u + 487, 0 = 5*i - u - 806. Suppose -3*f - 196 = y, 5*y + 56 = 2*f - 3*f. Let s = f + i. What is the units digit of s?
5
Let x = -8551 + 15619. What is the hundreds digit of x?
0
What is the thousands digit of 4/(6004975/1200975 - 5)?
8
Let m = -67 + 412. What is the units digit of m?
5
What is the ten thousands digit of (318930/(-40) + -22)/((-2)/16)?
6
Let i be 68/20 - 12/30. Suppose -21 = -i*w + 9. Let l = w + 18. What is the tens digit of l?
2
Let h = -46 - -50. Suppose 108 = s + 3*l, 21 = h*s + 2*l - 451. Let b = s + -5. What is the units digit of b?
5
Let p(i) = -6*i - 202. Let t be p(-43). Suppose 0 = -5*w + 5 - 15. What is the tens digit of (-40)/(-20) - w*t?
1
Let c(p) = -p**3 + 4*p**2 - 4*p + 45. Let i be c(5). Suppose 17*g + i*g - 10676 = 0. What is the tens digit of g?
2
Let s = 41 + 5. Suppose -3*n + 1920 = -3*h, 5*h + 590 = n - s. What is the tens digit of n?
4
Let g be (-66)/12 - (-2)/(-4). Let v(t) = -21*t + 10 - 4 + 0 + 12. What is the tens digit of v(g)?
4
Let o(x) = 4*x + 73. Let k be o(-16). Suppose 6*f - 5*y + 2349 = k*f, -f + 4*y + 783 = 0. What is the tens digit of f?
8
Suppose 322007 = -427*f + 434*f. What is the thousands digit of f?
6
Let u be 1/((-4)/(-12)) + -2. Suppose -2*p = -3 - u. Suppose -188 = -p*r + 2*l, -l - 360 = -3*r - 88. What is the units digit of r?
9
Let q be 786/114 - (-2)/19. Let t = -74 + q. What is the units digit of (3 + 1 + t)/(-1)?
3
Suppose 188*h = 166*h + 1163514. What is the ten thousands digit of h?
5
Let i(g) = -1899*g - 97. What is the tens digit of i(-2)?
0
Let s be 1 + 11 + -17 + 17. Suppose -3*j - 3 - 28 = -b, -4*j = 2*b - s. What is the units digit of b/(-24) - 179/(-3)?
9
Let r = 14463 - -1192. What is the thousands digit of r?
5
Let a be (-11)/(-1) + -6 + 1*-2. Suppose 0 = -2*w + 7 + a. Let c(t) = 7*t + 18. What is the units digit of c(w)?
3
Let n(u) = 11*u**3 - 3*u**2 + 15*u - 68. Let y be n(7). What is the hundreds digit of (12/9)/(6/y)?
8
Let a(h) = 32 - 3*h - 3 - 12*h. Suppose -25 = u + 3*c, -64*u + 4*c = -62*u + 20. What is the tens digit of a(u)?
6
Let m(f) = 53*f + 131. Let y be m(10). Suppose 0*d + 4*d = 2*x - 1334, -x = d - y. What is the hundreds digit of x?
6
Suppose 6*w + 118 - 4 = 0. Let b = w + 154. What is the tens digit of b?
3
Let v(j) = 3*j + 1. Let s be v(-1). Let f(l) = l**3 + 14*l**2 + 19*l - 150. Let o be f(-10). Let y = o + s. What is the tens digit of y?
5
Suppose 0 = -15*f + 4699 + 2066. Let k = 637 - f. What is the units digit of k?
6
What is the units digit of 117325/39 + -3*4/36?
8
Let o(r) = 8 - 5*r + 11*r**3 - 39*r**3 + 13*r**3 + 16*r**3 - 4*r**2. Let p(u) = -u**3 + 7*u**2 - 6*u + 5. Let y be p(6). What is the units digit of o(y)?
8
Suppose -695199 = -47*r - 50*r. What is the thousands digit of r?
7
Suppose 71*j = 66*j + 15. Let o(w) = 2*w**2 - 3*w + 3. Let g(k) = 3*k**2 - 6*k + 7. Let p(a) = -4*g(a) + 10*o(a). What is the units digit of p(j)?
6
Suppose 26*v - 407991 = 24*v - 39*v. What is the units digit of v?
1
Suppose -f = 4*c - 39 - 547, 0 = -5*f - 5*c + 2945. Suppose -f*j = -586*j - 3804. What is the tens digit of j?
5
Suppose -b + 6563 = -746*l + 741*l, -3*b + l + 19619 = 0. What is the hundreds digit of b?
5
Let l = -12 + 9. Let j be (4/l)/(7/((-756)/8)). Suppose -23*b + 645 = -j*b. What is the tens digit of b?
2
Let k(g) = -75*g + 577. What is the thousands digit of k(-10)?
1
Let p = -18934 - -51213. What is the tens digit of p?
7
Let i(j) = 